number?
False
Let c(n) = 8*n + 6. Let t be c(-8). Let g = 41 - t. Suppose 2*a = 55 + g. Is a a composite number?
True
Let h(f) = -f - 10. Let w be h(-14). Let r be -3*w/6*2. Is (r + 1)/((-12)/184) a prime number?
False
Let h(k) be the third derivative of 5*k**5/12 + 5*k**4/24 + 5*k**3/6 + 5*k**2. Is h(-3) a prime number?
False
Let h(i) be the first derivative of i**4/4 - 14*i**3/3 + 10*i**2 + 12*i + 6. Is h(15) a composite number?
True
Let k(d) = 10*d**2 - d + 1. Suppose -5 = 2*s - 3*s, -4*s + 20 = -5*g. Suppose 4*j + 5*b - 2 - 1 = g, 0 = 2*j - 2*b + 12. Is k(j) a prime number?
False
Let w(q) = q + 16. Let r be w(-8). Suppose 687 = r*a - 617. Is a a prime number?
True
Let k = 734 + -358. Let a = k + -245. Is a prime?
True
Suppose -3*t + 0*c + 1370 = -5*c, 0 = -4*t + 3*c + 1823. Suppose -15*j - t = -16*j. Is 0 + -3 + j + -3 a composite number?
False
Let k(q) = 67*q**2 + 60*q - 480. Is k(11) composite?
False
Let t = 12 + 6. Let w be 11452/t - (-2)/(-9). Let q = w - 379. Is q prime?
True
Let b(i) = 4*i**3 - 7*i**2 + 3*i - 1. Let a be 4*-4*(-6 + 7). Let y = a - -21. Is b(y) a composite number?
True
Suppose -13*d = -24 - 15. Is d a composite number?
False
Suppose -2*g + 1625 + 3157 = 0. Is g a prime number?
False
Let g(z) = -182*z - 17. Let j(k) be the third derivative of k**6/120 + k**5/30 + k**4/6 + 14*k**2. Let o be j(-2). Is g(o) a composite number?
False
Suppose 6*i = 34*i - 609868. Is i composite?
True
Suppose o = 3*o - 2. Let l(c) = 31*c**2 - 2*c - 2. Let t(w) = w + 1. Let m(s) = o*l(s) + 3*t(s). Is m(2) composite?
False
Let w be (-5530)/(-12) - 16/(-96). Suppose -y - 4*t + 496 = -0*t, -y = -3*t - w. Suppose 5*k = 9*k - y. Is k a composite number?
True
Suppose -4*o = 6*o + 10. Let p(q) = q**2 - 5*q - 1. Let r be p(5). Is r + -4 + 443 - o a prime number?
True
Suppose 0 = -6*v + 33 - 3. Suppose -h + v*l + 6 + 87 = 0, 4*l - 158 = -2*h. Is h prime?
True
Suppose 4*v = 3*i + 7228, 4*v - 4471 = 4*i + 2757. Let j = v + -522. Is j prime?
False
Suppose 5*c - 1473 - 457 = 0. Suppose n = 201 + c. Is n composite?
False
Suppose -2*g = 2*h - 10, -5*h + 2*g + 23 + 16 = 0. Is 1/h - 23856/(-49) composite?
False
Suppose 0 = 7*a - 21857 + 1116. Is a a composite number?
False
Suppose 3*l + 23 = 5. Let h be 10/3 - (-2)/l. Is (h/(-6))/((-4)/1192) prime?
True
Let q(v) = v**3 - 11*v**2 - v + 10. Let n be q(11). Let d(i) = 5*i**2 + i. Let z be d(n). Suppose 85 = f - z*l, 4*f + 0*f - 2*l - 340 = 0. Is f a prime number?
False
Let k(x) = x**2 + 8*x + 12. Let f be k(-5). Let r(s) = s**2 - 2*s - 7. Let q be r(f). Is (-74)/2*(-88)/q prime?
False
Let l = -65 - -123. Let c = 96 - l. Suppose -5*n = -3*m + 71 - 14, 2*m - c = 2*n. Is m a composite number?
False
Suppose 39*p - 181028 = 29065. Is p a composite number?
False
Let j be ((-206)/6)/(7/(-84)). Suppose 0 = -2*a - 6, 2*f - a - a - j = 0. Is f prime?
False
Let b = -1967 + 3406. Is b a prime number?
True
Suppose 5*n + 0*f - 1445 = -4*f, -2*n - 3*f + 571 = 0. Let c be 1 + ((-4)/(-2))/(-2). Suppose c = w - 2*w + n. Is w a composite number?
False
Let d = -71 + 687. Let p = -63 + d. Is p a composite number?
True
Let m(a) = 2*a - 4*a + 1078*a**2 + 1 + 436*a**2 + a. Let z be m(1). Suppose 4*x - z = 1202. Is x prime?
False
Let j(o) = -o**2 - 25*o + 37. Let a be j(-27). Let i(u) = 2*u**2 + 17*u + 76. Is i(a) a prime number?
False
Let l(m) = -m**3 + 5*m**2 + 27*m - 37. Is l(-21) a composite number?
True
Let j = -86 - -90. Suppose 0 = -j*r - r + 41335. Is r a composite number?
True
Let a(i) = 25*i**2 - 28*i + 64. Is a(-21) prime?
True
Is (109 - 103) + (1721 - 0/2) a composite number?
True
Let n be -1 - (2 + 1)/3*-1. Suppose -c + 4 = 2. Suppose c*l + 2*y - 1248 = -n*y, 0 = -3*l - 5*y + 1874. Is l a prime number?
False
Suppose 62510 = 7*c - 250719. Is c a prime number?
False
Let u(n) = n**3 + 18*n**2 - 10. Let f be u(-18). Is (-248)/(-10) - 2/f a prime number?
False
Suppose -7*m + 11*m + 2*z - 20940 = 0, -3*m + 3*z + 15723 = 0. Let x = -2920 + m. Is x a composite number?
True
Suppose -5*t - 20 = -10*t. Is t/1 + (-525)/(-3) composite?
False
Suppose 0 = 34*b - 37*b + 100371. Is b prime?
True
Let t = -3 + -3. Let l(i) = -5*i**2 - 4*i + 7. Let h(z) = -6*z**2 - 5*z + 8. Let g(f) = 4*h(f) - 5*l(f). Is g(t) prime?
False
Let h(k) be the second derivative of -11/6*k**3 - 5/2*k**2 - 2*k + 1/4*k**4 + 0. Is h(10) composite?
True
Let l(a) = -2*a + 13 + 7*a**2 - a**2 + 6*a. Let i be -9*1 - (3 - 2). Is l(i) a composite number?
True
Let r(g) = -33*g**3 - 8*g**2 - 23*g + 1. Is r(-6) a prime number?
False
Let r(y) = -y**3 + 44*y**2 - 55*y - 47. Is r(34) a prime number?
True
Suppose -5 - 9 = -7*h. Suppose h*q = 1998 + 488. Is q a composite number?
True
Let o = -11 + 14. Suppose 3286 = 4*k + 2*u, 5*k = k + o*u + 3281. Is k a composite number?
False
Let r(o) = o**2 + 2*o + 17. Let f(h) = 3*h**2 + 5*h + 33. Let k(a) = 2*f(a) - 5*r(a). Let b be k(-8). Is b/(-10)*214/(-3) a composite number?
True
Let c(j) = 4*j**2 - 7*j - 2. Let m be c(5). Let n = m - 5. Suppose 3*w - 4*g - 159 = 0, w + g - n = 4*g. Is w composite?
True
Is 1168080/176 - -4*(-3)/(-66) prime?
True
Suppose 2*m = 5*m - 6609. Is m composite?
False
Let a(b) = -578*b - 4. Let q be a(1). Is ((-2)/6)/(1165/q - -2) a composite number?
True
Suppose 2*u + 21 = 51. Suppose 47 = -2*b + u. Is -23*(b - (-2 - -3)) a composite number?
True
Suppose -3*z + 109463 = -3*v - 3625, -2*v = -4*z + 150774. Is z a composite number?
False
Let p = 82425 - 18362. Is p a composite number?
False
Let n be 2 + (-372)/21 + 12/(-42). Let r = 87 + n. Is r a composite number?
False
Suppose -5*v - 11 - 4 = 0. Is ((3/(-2))/v)/((-1)/(-158)) a prime number?
True
Let r = -417 + 668. Is r*4*15/30 a composite number?
True
Let t(f) = -f**2 - 5*f - 3. Let v be t(-4). Let n be 1006 - (-4)/(-4)*v. Let q = n + -712. Is q a composite number?
False
Suppose 0 = -3*x - 2 + 11. Suppose 0 = 2*h + 5*t - x - 20, 5*h - 17 = t. Let p = 93 + h. Is p prime?
True
Let o be 3/(-1 + -2) - -5. Suppose -2*m = -o*h - 17076, h - 3*m + 4278 = -7*m. Is h/10*(-2)/2 prime?
False
Suppose -4*y - 5142 = -2*k - y, 5*k + y = 12872. Suppose -s + b = -k, -5*b + 34 = 9. Is s a composite number?
False
Let k = 1 - 1. Suppose k = -4*u + 3*u + 329. Let m = 302 + u. Is m prime?
True
Suppose 0 = p - 825 + 10. Is p composite?
True
Suppose -4*g + z = -4599, 15*g - 5*z = 10*g + 5730. Is g composite?
False
Suppose -17*o + 90594 = o. Is o composite?
True
Let g(h) = 3*h**2 - 13*h + 37. Is g(-15) a prime number?
True
Let g(y) be the first derivative of y**3/3 - 9*y**2/2 + 4*y - 4. Let o be g(9). Is 6*(o - -2) - -1 a prime number?
True
Let d be 28/6 - (-2)/(-3). Suppose 3*q + f - 2*f - 3 = 0, 0 = -d*f - 12. Suppose -502 + q = -2*u. Is u composite?
False
Let b = -18687 - -30934. Is b a composite number?
True
Is (4 + 1)/1 - -366 composite?
True
Suppose 0*x + 5 = 5*x, 0 = 4*j - 5*x - 35. Suppose -6*b = 3*f - 3*b - 4611, -5*b = -j. Is f a prime number?
False
Let d(m) = 37*m**2 - 66*m + 9. Let g be d(8). Let v = -790 + -521. Let f = g + v. Is f composite?
True
Suppose 6*z = 3*z, -4*f - 3*z + 8 = 0. Suppose 119 = s - f*s. Let k = -32 - s. Is k prime?
False
Let f(a) = 6*a + 1. Suppose -13 = -2*s - 5*g, -3*s - 2*s - 4*g = -24. Is f(s) prime?
False
Suppose -5*y + 15 = -3*z, z - 16 + 4 = -4*y. Suppose 160 = 2*s - 5*j, y*s + 0*s - 251 = 2*j. Is s composite?
True
Let v = 138 - -1518. Let z = v - 841. Is z a prime number?
False
Let b(u) = u**3 + 4*u**2 - 9*u + 19. Let p(v) = v. Let q(y) = b(y) + 5*p(y). Is q(14) composite?
False
Suppose -3*g + 2*x + 11368 + 19794 = 0, g - 10386 = x. Suppose -337 = 9*i - g. Is i a composite number?
False
Suppose -3*w = -6*w. Suppose -248 = -2*u - w*u. Suppose 0 = -2*j - 10, 5*r - u = 4*r + 3*j. Is r a prime number?
True
Let z be ((-2)/(-8))/(8/64). Suppose z*u + 1691 = 5*d + 626, 5*d + 2*u - 1045 = 0. Is d prime?
True
Suppose 11810 = 4*r + 2*i, -r - 5*i + 2744 = -222. Is r a prime number?
False
Let g(b) = 89*b**3 + 4*b**2 + 6*b - 6. Is g(5) a prime number?
False
Suppose 3*o - 7 = 2*c, c - 2*c - 4*o + 24 = 0. Let w = -1 + 3. Suppose -w*m + p + 138 = -107, 5*m - 617 = c*p. Is m a composite number?
True
Let w(o) = 246*o - 25. Let g(n) = -82*n + 8. Let m(h) = -8*g(h) - 3*w(h). Is m(-11) a prime number?
False
Let o be 4526/7 + (-3)/(-7). Suppose q + 4*p - 8*p - o = 0